{"id":70,"date":"2013-03-29T10:18:42","date_gmt":"2013-03-29T09:18:42","guid":{"rendered":"http:\/\/akslosarova.cz\/?page_id=70"},"modified":"2024-03-19T07:50:39","modified_gmt":"2024-03-19T06:50:39","slug":"prodej-majetku","status":"publish","type":"page","link":"http:\/\/akslosarova.cz\/?page_id=70","title":{"rendered":"PRODEJ MAJETKU"},"content":{"rendered":"\n<p><\/p>\n\n\n\n<p><\/p>\n\n\n\n<hr class=\"wp-block-separator has-css-opacity\"\/>\n\n\n\n<p>V t\u00e9to sekci inzeruje insolven\u010dn\u00ed spr\u00e1vkyn\u011b Mgr. Aneta \u0160losarov\u00e1 v n\u011bkter\u00fdch p\u0159\u00edpadech k prodeji majetek insolven\u010dn\u00edch dlu\u017en\u00edk\u016f.<\/p>\n\n\n\n<p>Je -li v t\u00e9to sekci nab\u00edzen majetek k prodeji, neznamen\u00e1 to, \u017ee jde o jedin\u00fd majetek nab\u00edzen\u00fd insolven\u010dn\u00ed spr\u00e1vkyn\u00ed Mgr. Anetou \u0160losarovou k odkupu v  insolven\u010dn\u00edch \u0159\u00edzen\u00edch . M\u00e1te-li z\u00e1jem o koupi jak\u00e9hokoliv majetku z insolven\u010dn\u00edch \u0159\u00edzen\u00ed, za\u0161lete svou popt\u00e1vku insolven\u010dn\u00ed spr\u00e1vkyni na email : slosarova@akslosarova.cz<\/p>\n\n\n\n<hr class=\"wp-block-separator has-css-opacity\"\/>\n\n\n\n<p><strong>P\u0159\u00edv\u011bsn\u00fd voz\u00edk<\/strong><\/p>\n\n\n\n<p><\/p>\n\n\n\n<p>Nab\u00edz\u00edm jako\u017eto insolven\u010dn\u00ed spr\u00e1vkyn\u011b dlu\u017en\u00edka PRIMA K\u00c1MEN&nbsp; stavby s.r.o., Pr\u016fmyslov\u00e1 862, Kosmonosy, I\u010cO: 08839824 v&nbsp;insolven\u010dn\u00edm \u0159\u00edzen\u00ed sp.zn. KSPH 60 INS 12959 \/ 2023, k&nbsp;prodeji voz\u00edk P\u0159\u00edv\u011bsn\u00fd voz\u00edk, Humbaur HA 153015, RZ: 5SY 4075, VIN: WHDC1512BM10, prod\u00e1m tomu, kdo nab\u00eddne nejvy\u0161\u0161\u00ed cenu. Vyhrazuji si pr\u00e1vo odm\u00edtnout v\u0161echny nab\u00eddky. V&nbsp;p\u0159\u00edpad\u011b z\u00e1jmu mne kontaktujte na tel. 778&nbsp;493&nbsp;493.<\/p>\n\n\n\n<p><\/p>\n\n\n\n<hr class=\"wp-block-separator has-css-opacity\"\/>\n\n\n\n<p><strong>pod\u00edl 1\/3 na k.\u00fa. 763322 Mrav\u00edn, obec Jeni\u0161ovice, Okres Chrudim<\/strong><\/p>\n\n\n\n<p><\/p>\n\n\n\n<p>Nab\u00edz\u00edm jako insolven\u010dn\u00ed spr\u00e1vkyn\u011b v \u0159\u00edzen\u00ed sp.zn. KSPA 71 INS 11318 \/ 2023 k prodeji pod\u00edl 1\/3 na parcele: 120\/114<br>120\/147<br>120\/181<br>120\/200<br>K.\u00fa. 763322 Mrav\u00edn, obec Jeni\u0161ovice, Okres Chridum<br>P\u0159ednost bude d\u00e1na nejvy\u0161\u0161\u00ed nab\u00eddce, nejl\u00e9pe prodej za cenu 60.000,- K\u010d za pod\u00edl 1\/3 na v\u00fd\u0161e popsan\u00fdch pozemc\u00edch.<br><br>Vyhrazuji si pr\u00e1vo odm\u00edtnout v\u0161echny nab\u00eddky \u010di d\u00e1t p\u0159ednost z\u00e1jemci s nejvy\u0161\u0161\u00ed cenou.<\/p>\n","protected":false},"excerpt":{"rendered":"<p>V t\u00e9to sekci inzeruje insolven\u010dn\u00ed spr\u00e1vkyn\u011b Mgr. Aneta \u0160losarov\u00e1 v n\u011bkter\u00fdch p\u0159\u00edpadech k prodeji majetek insolven\u010dn\u00edch dlu\u017en\u00edk\u016f. Je -li v t\u00e9to sekci nab\u00edzen majetek k prodeji, neznamen\u00e1 to, \u017ee jde o jedin\u00fd majetek nab\u00edzen\u00fd insolven\u010dn\u00ed spr\u00e1vkyn\u00ed Mgr. Anetou \u0160losarovou k odkupu v insolven\u010dn\u00edch \u0159\u00edzen\u00edch . M\u00e1te-li z\u00e1jem o koupi jak\u00e9hokoliv majetku z insolven\u010dn\u00edch \u0159\u00edzen\u00ed, za\u0161lete svou popt\u00e1vku insolven\u010dn\u00ed spr\u00e1vkyni na email : slosarova@akslosarova.cz P\u0159\u00edv\u011bsn\u00fd voz\u00edk Nab\u00edz\u00edm jako\u017eto insolven\u010dn\u00ed spr\u00e1vkyn\u011b dlu\u017en\u00edka PRIMA K\u00c1MEN&nbsp; stavby s.r.o., Pr\u016fmyslov\u00e1 862, Kosmonosy, I\u010cO: 08839824 v&nbsp;insolven\u010dn\u00edm \u0159\u00edzen\u00ed sp.zn. KSPH 60 INS 12959 \/ 2023, k&nbsp;prodeji voz\u00edk P\u0159\u00edv\u011bsn\u00fd voz\u00edk, Humbaur HA 153015, RZ: 5SY 4075, VIN: WHDC1512BM10, prod\u00e1m tomu, kdo nab\u00eddne nejvy\u0161\u0161\u00ed cenu. Vyhrazuji si pr\u00e1vo odm\u00edtnout v\u0161echny nab\u00eddky. V&nbsp;p\u0159\u00edpad\u011b z\u00e1jmu mne kontaktujte na tel. 778&nbsp;493&nbsp;493. pod\u00edl 1\/3 na k.\u00fa. 763322 Mrav\u00edn, obec Jeni\u0161ovice, Okres Chrudim Nab\u00edz\u00edm jako insolven\u010dn\u00ed spr\u00e1vkyn\u011b v \u0159\u00edzen\u00ed sp.zn. KSPA 71 INS 11318 \/ 2023 k prodeji pod\u00edl 1\/3 na parcele: 120\/114120\/147120\/181120\/200K.\u00fa. 763322&hellip;<\/p>\n<p> <a class=\"more-link\" href=\"http:\/\/akslosarova.cz\/?page_id=70\">\u010ct\u011bte v\u00edce<\/a><\/p>\n","protected":false},"author":2,"featured_media":0,"parent":0,"menu_order":50,"comment_status":"closed","ping_status":"closed","template":"","meta":{"footnotes":""},"_links":{"self":[{"href":"http:\/\/akslosarova.cz\/index.php?rest_route=\/wp\/v2\/pages\/70"}],"collection":[{"href":"http:\/\/akslosarova.cz\/index.php?rest_route=\/wp\/v2\/pages"}],"about":[{"href":"http:\/\/akslosarova.cz\/index.php?rest_route=\/wp\/v2\/types\/page"}],"author":[{"embeddable":true,"href":"http:\/\/akslosarova.cz\/index.php?rest_route=\/wp\/v2\/users\/2"}],"replies":[{"embeddable":true,"href":"http:\/\/akslosarova.cz\/index.php?rest_route=%2Fwp%2Fv2%2Fcomments&post=70"}],"version-history":[{"count":26,"href":"http:\/\/akslosarova.cz\/index.php?rest_route=\/wp\/v2\/pages\/70\/revisions"}],"predecessor-version":[{"id":490,"href":"http:\/\/akslosarova.cz\/index.php?rest_route=\/wp\/v2\/pages\/70\/revisions\/490"}],"wp:attachment":[{"href":"http:\/\/akslosarova.cz\/index.php?rest_route=%2Fwp%2Fv2%2Fmedia&parent=70"}],"curies":[{"name":"wp","href":"https:\/\/api.w.org\/{rel}","templated":true}]}}